the remainder when 30 is divided by 255/60*4*1.
13
Suppose l + g - 33 = 0, -l + 8 + 17 = -3*g. What is the remainder when l + (-1 - (-4 - -2)) is divided by 17?
15
Let w = 7 + -3. Suppose 0*r = -2*r + w. What is the remainder when 2 is divided by r?
0
Let y(h) = h**2 + h - 14. Calculate the remainder when y(6) is divided by 11.
6
Let h(k) = -2*k + 3*k + 15*k + 2. What is the remainder when h(2) is divided by 12?
10
Let z(u) = -u**2 - 9*u + 10. Let x be z(-7). Suppose -a = a - x. What is the remainder when a is divided by 0 - -5 - (2 + -4)?
5
Suppose 0 = -5*x + j + 350, 0 = -0*x + 3*x + j - 218. What is the remainder when x is divided by 18?
17
Let p(m) = m**2 + 4*m + 3. Let h be p(-4). Suppose 0 = -5*n + h*n - 16. Let z(r) = -2*r + 3. What is the remainder when z(n) is divided by 7?
5
Let x be (4/(-10))/((-4)/80). Let c = 20 - x. Calculate the remainder when c is divided by 5.
2
Let t = 30 - 14. Let m = 3 + 43. What is the remainder when m is divided by t?
14
Let y(j) be the first derivative of 47*j**3/3 + 3*j**2/2 - 2*j + 6. Calculate the remainder when y(1) is divided by 17.
14
Suppose 0 = -2*n - 0 + 8. Let o be (-358)/(-14) - (-20)/(-35). Let y = -14 + o. What is the remainder when y is divided by n?
3
Suppose 0*y - o - 29 = -y, 2*y = -4*o + 28. Calculate the remainder when y is divided by 9.
6
Let b = 9 - 7. Suppose -3*s + 73 = b*u, 0 = -2*s + 3*u + 1 + 39. Calculate the remainder when s is divided by (-74)/(-6) + (-3)/9.
11
Let d = 22 + -13. Let p(n) = n + 4. Let w be p(0). Suppose 3*r = -2*c + 83, -34 = -r - w*c + 7. Calculate the remainder when r is divided by d.
7
Suppose -5*n = 5*r - 295 + 55, 5*r + 4*n = 243. Suppose r - 15 = 2*k. What is the remainder when 52 is divided by k?
16
Suppose -5*r + 180 = 40. Let z = -12 - -22. What is the remainder when r is divided by z?
8
Let k(j) = 2*j**3 - j**2 + j + 2. Let h(a) = a - 4. Let y be h(7). Let o(m) = 2*m + 3. What is the remainder when k(2) is divided by o(y)?
7
Suppose -53 = -4*g - 5*p, -6*p + 60 = 5*g - p. Suppose 0 = -3*k + k. Suppose 5*r - 58 - 37 = k. Calculate the remainder when r is divided by g.
5
Let y(a) be the third derivative of a**5/60 - a**4/4 - a**3/2 + 3*a**2. Calculate the remainder when 38 is divided by y(8).
12
Suppose 14 = 3*h - 64. Suppose -9*f - 72 = -17*f. Calculate the remainder when h is divided by f.
8
Let u(n) = n**3 - 5*n**2 + 5*n - 10. What is the remainder when (2/3)/((-2)/(-132)) is divided by u(5)?
14
Let n be ((-8)/6)/(2/(-6)). Suppose n = 5*b - 116. What is the remainder when 94 is divided by b?
22
Let x = -112 - -137. Calculate the remainder when 83 is divided by x.
8
Suppose 11*k - 7*k = 340. What is the remainder when k is divided by 10?
5
Calculate the remainder when 20 is divided by ((-11)/(-10) + -1)*-4*-30.
8
Let c(y) = y**2 - 1. Let n(p) = p - 11. Let h be n(8). What is the remainder when 29 is divided by c(h)?
5
Let p(h) = 2*h**2 - 6*h. Let a be p(6). Suppose -a + 106 = 2*y. Calculate the remainder when y is divided by 12.
11
Suppose 2*p - 51 = p. What is the remainder when p is divided by 26?
25
Let o = 75 + -2. Calculate the remainder when o is divided by 25.
23
Let f = 16 + 4. Calculate the remainder when 58 is divided by f.
18
Calculate the remainder when (6 - 1) + 14/(-7) - -46 is divided by 1/((-18)/(-17) + -1).
15
Let w(a) = -a**2 + 15*a + 3. Let n be w(15). Suppose -n*x = y - 3*y + 27, 4*x = 2*y - 30. What is the remainder when 15 is divided by y?
6
Suppose -13*n + 18*n - 55 = 0. Suppose -3*w = 2*w - 105. Suppose -48 = -3*h + 3*a, h - w = -3*a + 11. Calculate the remainder when h is divided by n.
9
Let t(z) = -z**3 + 3*z**2 + 12*z - 2. What is the remainder when 19 is divided by t(5)?
3
Let x = -20 + 37. Suppose z = 2*y + 12, -z = 3*y - 5 + 18. What is the remainder when x is divided by 11 + 3*z/(-3)?
8
Suppose -4*k + 52 = -3*k. Calculate the remainder when k is divided by 14.
10
Let m = 65 + -32. Calculate the remainder when 97 is divided by m.
31
Let j(m) = 7*m - 13. Let y(o) = 20*o**2 - 1. Calculate the remainder when j(7) is divided by y(-1).
17
Let v be 7 + 7 + -6 + 3. Suppose 0 = 5*j - 51 + v. What is the remainder when 38 is divided by j?
6
Calculate the remainder when 14 is divided by -3*(-3 - 5/(-3)).
2
Suppose 4*y - 27 = 3*y. Suppose 5*m + 6 - 24 = -4*s, 0 = 4*s - m - 30. What is the remainder when y is divided by s?
6
Suppose 2*m = 2*y - 3*m - 13, -y = -4*m - 5. What is the remainder when y is divided by 5?
4
Suppose n - 26 = 4*h - 5*h, 5*n = 4*h - 140. Let m = 8 - 8. Suppose -2*p + 6*p - 44 = m. Calculate the remainder when h is divided by p.
8
Suppose -y - 6 = -9. Calculate the remainder when 9 is divided by y.
0
Let j = -83 + 157. What is the remainder when j is divided by 15?
14
Let i be (10 - 30)/(1 + 0). Let q = i + 43. Calculate the remainder when 91 is divided by q.
22
Suppose -3*f + 224 = 4*l, 5*f = -4*l + 4*f + 216. Let s(r) = -r**2 + 6*r + 14. Calculate the remainder when l is divided by s(6).
11
Suppose 12 = c + 2*c. What is the remainder when 62 is divided by (-3 - (-4)/c) + 18?
14
Let b = 52 - 16. Calculate the remainder when b is divided by 21.
15
Let f(x) = 2*x**2 - 7*x + 5. Let v(h) = -6*h - 2. Calculate the remainder when v(-6) is divided by f(4).
7
Let s(l) = l**2 - 5*l + 9. What is the remainder when s(10) is divided by 15?
14
What is the remainder when 18 is divided by ((-6)/12)/(1*(-2)/56)?
4
Let x(m) = m - 1. Let p be x(6). Suppose 0 = -p*l - 4*w + 31, -l + 2*w + 10 = -w. Calculate the remainder when l is divided by 4.
3
Let d be -5*22*1/(-2). Suppose 0 = -z - 0*z - 2*g + 5, 5*z - 5*g - d = 0. Let t(n) = n**2 + 3*n + 6. What is the remainder when t(-5) is divided by z?
7
Suppose 4*c = 23 - 3. Suppose c*n = -k - 0*k - 20, k = -3*n - 10. Calculate the remainder when 14 is divided by (80/n)/(2*-1).
6
Suppose 4*x = x. Suppose -24 = -4*u - x*u. Let d = 1 + u. Calculate the remainder when d is divided by 3.
1
Let o be (2/(-6))/((-1)/6). Let u = 7 - o. Suppose -5*r + 15 = k, -2*k + 3*k = u*r - 5. Calculate the remainder when 5 is divided by r.
1
Suppose 5*m + 3*q - 55 = 5*q, 2*m - 3*q = 33. Let r(i) = 10*i + 3*i + m*i. Calculate the remainder when r(1) is divided by 8.
6
Let h(j) = -3*j - 4 - 3*j**2 - 5*j**2 + 10*j**2 + 3. What is the remainder when h(3) is divided by (3/(-9))/(1/(-15))?
3
Suppose 0 = -4*x + 2*c + 28 - 4, 0 = 3*x - 2*c - 20. Calculate the remainder when 13 is divided by x.
1
Let a = 168 + -113. Suppose 3*k - 4*k = -a. Let y = k + -36. Calculate the remainder when y is divided by 7.
5
Let u be 2/(-6) - 7/(-3). Suppose -u*l + 5*v + 18 = 0, -l + 5*v + 19 = -0*l. Calculate the remainder when 9*10*l/(-3) is divided by 16.
14
Suppose -3*b + 4 + 101 = -5*o, o - 117 = -4*b. Calculate the remainder when b is divided by (-1)/(-1)*80/5.
14
Suppose -4*f - 75 = -5*t - 19, 4*t - 2*f - 46 = 0. Calculate the remainder when 26 is divided by t.
2
What is the remainder when 41 is divided by (-56)/(-4) + 3 + -3?
13
Suppose -3*r = -5*u - 176, 2*u = 2*r + 3*r - 287. Let t = -13 + r. What is the remainder when t is divided by 15?
14
Suppose 7*x - 26 = 16. What is the remainder when 17 is divided by x?
5
Let m be (-8)/(-20) + (-4)/10. Let x(b) = -3*b + m + 5 + 7*b. What is the remainder when x(5) is divided by 13?
12
Let l be (20/12)/(1/(-3)). Let c = l - -12. What is the remainder when c is divided by 2/3 + (-14)/(-6)?
1
Let f = 32 - -18. Let p = f - 27. What is the remainder when 45 is divided by p?
22
Let f(d) = 2*d + 5. Calculate the remainder when 114 is divided by f(12).
27
Suppose 365 + 135 = 4*y. What is the remainder when y is divided by 32?
29
Let r = -18 - -45. Suppose 0 = -2*x + r + 11. Calculate the remainder when 36 is divided by x.
17
Suppose -4*f - 4 = -2*p, 0*f - 12 = -4*f. What is the remainder when 39 is divided by p?
7
Let y(k) = -k**2 + 15*k**3 - 12*k + 6*k + 7*k. Calculate the remainder when 27 is divided by y(1).
12
Let w(y) = 0*y**3 - 2*y**2 - 2*y**3 - y**2. Let h be w(-4). Let r = h - 51. What is the remainder when r is divided by 10?
9
Suppose 4*b + 1 - 21 = 0. Let w(l) = -l**2 + l + 12. Calculate the remainder when w(0) is divided by b.
2
Suppose -2*s + 30 = 3*s. Suppose -32 = s*y - 8*y. Calculate the remainder when 44 is divided by y.
12
Suppose -2*g + 9 = -91. Let b = g - 26. Suppose 